{"id":2817,"date":"2023-10-09T10:12:18","date_gmt":"2023-10-09T03:12:18","guid":{"rendered":"https:\/\/dulichfree.com\/staging\/?page_id=2817"},"modified":"2023-11-13T17:29:10","modified_gmt":"2023-11-13T10:29:10","slug":"ve-chung-toi","status":"publish","type":"page","link":"https:\/\/dulichfree.com\/staging\/ve-chung-toi\/","title":{"rendered":"Du L\u1ecbch Free | K\u1ec9 Ni\u1ec7m M\u00e3i M\u00e3i"},"content":{"rendered":"<p>[ux_banner height=&#8221;500px&#8221; bg=&#8221;457&#8243; bg_size=&#8221;original&#8221; bg_overlay=&#8221;rgba(32, 30, 30, 0.477)&#8221; effect=&#8221;sparkle&#8221;]<\/p>\n<p>[text_box width=&#8221;69&#8243; position_x=&#8221;50&#8243; position_y=&#8221;50&#8243;]<\/p>\n<h1>Du L\u1ecbch Free \u2013 K\u1ec9 Ni\u1ec7m M\u00e3i M\u00e3i.<\/h1>\n<p><strong>H\u00e3y \u0111\u1ec3 ch\u00fang t\u00f4i gi\u00fap b\u1ea1n c\u00f3 nh\u1eefng chuy\u1ebfn du l\u1ecbch tuy\u1ec7t v\u1eddi m\u00e0 kh\u00f4ng t\u1ed1n ti\u1ec1n.<\/strong><\/p>\n<p>[\/text_box]<\/p>\n<p>[\/ux_banner]<br \/>\n[section bg=&#8221;2854&#8243; bg_size=&#8221;original&#8221; bg_color=&#8221;rgba(0, 0, 0, 0.61)&#8221; bg_overlay=&#8221;rgba(0, 0, 0, 0.593)&#8221;]<\/p>\n<p>[row]<\/p>\n<p>[col span__sm=&#8221;12&#8243; divider=&#8221;0&#8243; bg_color=&#8221;rgba(255, 255, 255, 0.012)&#8221;]<\/p>\n<p>[title style=&#8221;center&#8221; text=&#8221;C\u00c2U CHUY\u1ec6N TH\u01af\u01a0NG HI\u1ec6U&#8221; tag_name=&#8221;h2&#8243; color=&#8221;rgb(251, 251, 251)&#8221;]<\/p>\n<p>[row_inner]<\/p>\n<p>[col_inner span=&#8221;4&#8243; span__sm=&#8221;12&#8243;]<\/p>\n<p>[ux_text text_align=&#8221;left&#8221;]<\/p>\n<p><strong><span style=\"color: #fffcfc;\">C\u00f4ng ty TNHH Du L\u1ecbch Free l\u00e0 m\u1ed9t trong nh\u1eefng doanh nghi\u1ec7p h\u00e0ng \u0111\u1ea7u trong l\u0129nh v\u1ef1c du l\u1ecbch v\u00e0 gi\u1ea3i tr\u00ed t\u1ea1i Vi\u1ec7t Nam. V\u1edbi h\u01a1n m\u1ed9t th\u1eadp k\u1ef7 ho\u1ea1t \u0111\u1ed9ng, ch\u00fang t\u00f4i t\u1ef1 h\u00e0o mang \u0111\u1ebfn cho kh\u00e1ch h\u00e0ng nh\u1eefng tr\u1ea3i nghi\u1ec7m du l\u1ecbch \u0111\u1ed9c \u0111\u00e1o v\u00e0 kh\u00f4ng gi\u1edbi h\u1ea1n. Du L\u1ecbch Free cam k\u1ebft cung c\u1ea5p c\u00e1c d\u1ecbch v\u1ee5 du l\u1ecbch ch\u1ea5t l\u01b0\u1ee3ng v\u00e0 t\u1ea1o ra nh\u1eefng h\u00e0nh tr\u00ecnh kh\u00f4ng ch\u1ec9 \u0111\u00e1p \u1ee9ng m\u1ee5c ti\u00eau kh\u00e1m ph\u00e1, m\u00e0 c\u00f2n \u0111\u00e1nh th\u1ee9c t\u00e2m h\u1ed3n v\u00e0 t\u1ea1o ra nh\u1eefng k\u1ef7 ni\u1ec7m kh\u00f3 qu\u00ean.<\/span><\/strong><\/p>\n<p><strong><span style=\"color: #fffcfc;\">V\u1edbi \u0111\u1ed9i ng\u0169 chuy\u00ean gia gi\u00e0u kinh nghi\u1ec7m, C\u00f4ng ty TNHH Du L\u1ecbch Free \u0111\u00e3 x\u00e2y d\u1ef1ng l\u00ean m\u1ed9t danh ti\u1ebfng v\u1eefng ch\u1eafc trong vi\u1ec7c t\u1ed5 ch\u1ee9c c\u00e1c tour du l\u1ecbch trong v\u00e0 ngo\u00e0i n\u01b0\u1edbc, \u0111\u1ea3m b\u1ea3o s\u1ef1 tho\u1ea3i m\u00e1i v\u00e0 an to\u00e0n tuy\u1ec7t \u0111\u1ed1i cho kh\u00e1ch h\u00e0ng.<\/span><\/strong><\/p>\n<p><strong><span style=\"color: #fffcfc;\">H\u00e3y \u0111\u1ec3 Du L\u1ecbch Free l\u00e0m h\u00e0nh tr\u00ecnh c\u1ee7a b\u1ea1n tr\u1edf n\u00ean t\u1ef1 do v\u00e0 \u0111\u00e1ng nh\u1edb. Ch\u00fang t\u00f4i lu\u00f4n s\u1eb5n s\u00e0ng ph\u1ee5c v\u1ee5 v\u00e0 \u0111\u1ed3ng h\u00e0nh c\u00f9ng b\u1ea1n tr\u00ean con \u0111\u01b0\u1eddng kh\u00e1m ph\u00e1 th\u1ebf gi\u1edbi.<\/span><\/strong><br \/>\n[\/ux_text]<\/p>\n<p>[\/col_inner]<br \/>\n[col_inner span=&#8221;8&#8243; span__sm=&#8221;12&#8243; divider=&#8221;0&#8243; bg_radius=&#8221;9&#8243; color=&#8221;light&#8221;]<\/p>\n<p>[ux_banner_grid]<\/p>\n<p>[col_grid span=&#8221;4&#8243; height=&#8221;1-3&#8243;]<\/p>\n<p>[ux_image id=&#8221;2238&#8243; image_size=&#8221;original&#8221; image_hover=&#8221;zoom-long&#8221;]<\/p>\n<p>[\/col_grid]<br \/>\n[col_grid span=&#8221;8&#8243;]<\/p>\n<p>[ux_image id=&#8221;2825&#8243; image_size=&#8221;original&#8221; image_hover=&#8221;zoom-long&#8221;]<\/p>\n<p>[\/col_grid]<br \/>\n[col_grid span=&#8221;4&#8243; height=&#8221;1-3&#8243;]<\/p>\n<p>[ux_image id=&#8221;2826&#8243; image_size=&#8221;original&#8221; image_overlay=&#8221;rgba(0, 0, 0, 0.093)&#8221; image_hover=&#8221;zoom-long&#8221; image_hover_alt=&#8221;zoom-long&#8221;]<\/p>\n<p>[\/col_grid]<br \/>\n[col_grid span=&#8221;4&#8243; height=&#8221;1-3&#8243;]<\/p>\n<p>[ux_image id=&#8221;2827&#8243; image_size=&#8221;original&#8221; image_hover=&#8221;zoom-long&#8221; image_hover_alt=&#8221;zoom-long&#8221;]<\/p>\n<p>[\/col_grid]<\/p>\n<p>[\/ux_banner_grid]<\/p>\n<p>[\/col_inner]<\/p>\n<p>[\/row_inner]<\/p>\n<p>[\/col]<\/p>\n<p>[\/row]<\/p>\n<p>[\/section]<br \/>\n[section bg_color=&#8221;rgb(155, 81, 224)&#8221; effect=&#8221;sparkle&#8221; dark=&#8221;true&#8221;]<\/p>\n<p>[row]<\/p>\n<p>[col span__sm=&#8221;12&#8243;]<\/p>\n<p>[title style=&#8221;center&#8221; text=&#8221;Nh\u1eefng N\u00e9t \u0110\u1eb7c Tr\u01b0ng T\u1ea1o N\u00ean S\u1ef1 \u0110\u1ed9c \u0110\u00e1o C\u1ee7a Du L\u1ecbch Free&#8221; tag_name=&#8221;h2&#8243;]<\/p>\n<p>[row_inner]<\/p>\n<p>[col_inner span=&#8221;3&#8243; span__sm=&#8221;6&#8243;]<\/p>\n<p>[ux_image_box img=&#8221;953&#8243; image_height=&#8221;100%&#8221; image_radius=&#8221;5&#8243; image_size=&#8221;original&#8221; image_hover=&#8221;zoom-long&#8221;]<\/p>\n<h3><span style=\"color: #fffcfc;\">S\u1ea3n Ph\u1ea9m \u0110\u1ed9c \u0110\u00e1o<\/span><\/h3>\n<p><strong><span style=\"color: #fffcfc;\">C\u00e1c s\u1ea3n ph\u1ea9m gi\u1ea3i tr\u00ed \u0111a d\u1ea1ng trong, gi\u00e1o d\u1ee5c, ngh\u1ec7 thu\u1eadt v\u00e0 c\u00f4ng ngh\u1ec7 \u0111\u1ed9c \u0111\u00e1o.<\/span><\/strong><\/p>\n<p>[\/ux_image_box]<\/p>\n<p>[\/col_inner]<br \/>\n[col_inner span=&#8221;3&#8243; span__sm=&#8221;6&#8243;]<\/p>\n<p>[ux_image_box img=&#8221;2830&#8243; image_height=&#8221;100%&#8221; image_radius=&#8221;5&#8243; image_size=&#8221;original&#8221; image_hover=&#8221;zoom-long&#8221; image_hover_alt=&#8221;zoom-long&#8221;]<\/p>\n<h3><span style=\"color: #fffcfc;\">\u0110i\u1ec3m \u0110\u1ebfn Th\u00fa V\u1ecb<\/span><\/h3>\n<p><span style=\"color: #fffcfc;\"><strong>Ch\u00fang t\u00f4i t\u1ef1 h\u00e0o s\u1edf h\u1eefu nh\u1eefng \u0111i\u1ec3m \u0111\u1ebfn du l\u1ecbch h\u00e0ng \u0111\u1ea7u t\u1ea1i Vi\u1ec7t Nam v\u00e0 khu v\u1ef1c l\u00e2n c\u1eadn<\/strong><\/span><\/p>\n<p>[\/ux_image_box]<\/p>\n<p>[\/col_inner]<br \/>\n[col_inner span=&#8221;3&#8243; span__sm=&#8221;6&#8243;]<\/p>\n<p>[ux_image_box img=&#8221;2831&#8243; image_height=&#8221;100%&#8221; image_radius=&#8221;5&#8243; image_size=&#8221;original&#8221; image_hover=&#8221;zoom-long&#8221; image_hover_alt=&#8221;zoom-long&#8221;]<\/p>\n<h3><span style=\"color: #fffcfc;\">Th\u1ea5u Hi\u1ec3u Ti\u1ebfp Thu<\/span><\/h3>\n<p><span style=\"color: #fffcfc;\"><strong>Lu\u00f4n th\u1ea5u hi\u1ec3u v\u00e0 ti\u1ebfp thu c\u00e1c \u00fd ki\u1ebfn c\u1ee7a kh\u00e1ch h\u00e0ng \u0111\u1ec3 \u0111\u1ea3m b\u1ea3o ch\u1ea5t l\u01b0\u1ee3ng s\u1ea3n ph\u1ea9m v\u00e0 d\u1ecbch v\u1ee5 v\u01b0\u1ee3t tr\u1ed9i.<\/strong><\/span><\/p>\n<p>[\/ux_image_box]<\/p>\n<p>[\/col_inner]<br \/>\n[col_inner span=&#8221;3&#8243; span__sm=&#8221;6&#8243;]<\/p>\n<p>[ux_image_box img=&#8221;2832&#8243; image_height=&#8221;100%&#8221; image_radius=&#8221;5&#8243; image_size=&#8221;original&#8221; image_hover=&#8221;zoom-long&#8221; image_hover_alt=&#8221;zoom-long&#8221;]<\/p>\n<h3><span style=\"color: #fffcfc;\">C\u1ea3m H\u1ee9ng T\u00edch C\u1ef1c<\/span><\/h3>\n<p><span style=\"color: #fffcfc;\"><strong>Th\u00fac \u0111\u1ea9y t\u01b0 duy t\u00edch c\u1ef1c v\u00e0 t\u1ea1o tr\u00e1ch nhi\u1ec7m \u0111\u1ed1i v\u1edbi kh\u00e1ch h\u00e0ng, \u0111\u1eb7c bi\u1ec7t l\u00e0 tu\u1ed5i tr\u1ebb, \u0111\u1ed1i v\u1edbi b\u1ea3n th\u00e2n, x\u00e3 h\u1ed9i, m\u00f4i tr\u01b0\u1eddng.<\/strong><\/span><\/p>\n<p>[\/ux_image_box]<\/p>\n<p>[\/col_inner]<\/p>\n<p>[\/row_inner]<\/p>\n<p>[\/col]<\/p>\n<p>[\/row]<\/p>\n<p>[\/section]<br \/>\n[section bg_color=&#8221;rgba(214, 130, 224, 0.506)&#8221; dark=&#8221;true&#8221;]<\/p>\n<p>[row]<\/p>\n<p>[col span__sm=&#8221;12&#8243;]<\/p>\n<p>[title style=&#8221;center&#8221; text=&#8221;Kh\u00e1m Ph\u00e1 \u0110i\u1ec3m \u0110\u1ebfn h\u00e0ng \u0111\u1ea7u trong n\u01b0\u1edbc&#8221; tag_name=&#8221;h2&#8243;]<\/p>\n<p>[ux_banner_grid]<\/p>\n<p>[col_grid span=&#8221;4&#8243; height=&#8221;1-3&#8243;]<\/p>\n<p>[ux_image id=&#8221;1688&#8243; image_size=&#8221;original&#8221; height=&#8221;100%&#8221; caption=&#8221;true&#8221; link=&#8221;https:\/\/dulichfree.com\/staging\/tin-tuc\/da-nang\/&#8221;]<\/p>\n<p>[\/col_grid]<br \/>\n[col_grid span=&#8221;8&#8243;]<\/p>\n<p>[ux_image id=&#8221;2835&#8243; image_size=&#8221;original&#8221; height=&#8221;100%&#8221; caption=&#8221;true&#8221; link=&#8221;https:\/\/dulichfree.com\/staging\/tin-tuc\/hoi-an\/&#8221;]<\/p>\n<p>[\/col_grid]<br \/>\n[col_grid span=&#8221;4&#8243; height=&#8221;1-3&#8243;]<\/p>\n<p>[ux_image id=&#8221;398&#8243; image_size=&#8221;original&#8221; height=&#8221;100%&#8221; caption=&#8221;true&#8221; image_overlay=&#8221;rgba(0, 0, 0, 0.279)&#8221; link=&#8221;https:\/\/dulichfree.com\/staging\/tin-tuc\/ha-noi\/&#8221;]<\/p>\n<p>[\/col_grid]<br \/>\n[col_grid span=&#8221;4&#8243; height=&#8221;1-3&#8243;]<\/p>\n<p>[ux_image id=&#8221;401&#8243; image_size=&#8221;original&#8221; height=&#8221;100%&#8221; caption=&#8221;true&#8221; image_overlay=&#8221;rgba(0, 0, 0, 0.203)&#8221; link=&#8221;https:\/\/dulichfree.com\/staging\/tin-tuc\/hue\/&#8221;]<\/p>\n<p>[\/col_grid]<\/p>\n<p>[\/ux_banner_grid]<\/p>\n<p>[\/col]<\/p>\n<p>[\/row]<\/p>\n<p>[\/section]<br \/>\n[section bg_color=&#8221;rgb(228, 203, 228)&#8221; effect=&#8221;rain&#8221; dark=&#8221;true&#8221;]<\/p>\n<p>[row]<\/p>\n<p>[col span__sm=&#8221;12&#8243;]<\/p>\n<p>[title style=&#8221;center&#8221; text=&#8221;C\u00e1c Tr\u1ea3i nghi\u1ec7m t\u1ea1i DU L\u1ecbcH Free&#8221; tag_name=&#8221;h2&#8243;]<\/p>\n<p>[ux_banner_grid]<\/p>\n<p>[col_grid height=&#8221;2-3&#8243;]<\/p>\n<p>[ux_image id=&#8221;2840&#8243; image_size=&#8221;original&#8221; height=&#8221;100%&#8221; caption=&#8221;true&#8221; image_overlay=&#8221;rgba(0, 0, 0, 0.163)&#8221; link=&#8221;https:\/\/dulichfree.com\/staging\/tin-tuc\/hue\/am-thuc-hue\/&#8221; target=&#8221;_blank&#8221; rel=&#8221;https:\/\/dulichfree.com\/staging\/tin-tuc\/hue\/am-thuc-hue\/&#8221;]<\/p>\n<p>[\/col_grid]<br \/>\n[col_grid span=&#8221;4&#8243; height=&#8221;1-3&#8243;]<\/p>\n<p>[ux_image id=&#8221;2837&#8243; image_size=&#8221;original&#8221; height=&#8221;100%&#8221; caption=&#8221;true&#8221; link=&#8221;https:\/\/dulichfree.com\/staging\/tin-tuc\/hoi-an\/canh-dep-vui-choi-hoi-an\/&#8221; rel=&#8221;https:\/\/dulichfree.com\/staging\/tin-tuc\/hoi-an\/canh-dep-vui-choi-hoi-an\/&#8221;]<\/p>\n<p>[\/col_grid]<br \/>\n[col_grid span=&#8221;4&#8243; height=&#8221;1-3&#8243;]<\/p>\n<p>[ux_image id=&#8221;2845&#8243; image_size=&#8221;original&#8221; height=&#8221;100%&#8221; caption=&#8221;true&#8221; link=&#8221;https:\/\/dulichfree.com\/staging\/khach-san\/&#8221; target=&#8221;_blank&#8221; rel=&#8221;https:\/\/dulichfree.com\/staging\/khach-san\/&#8221;]<\/p>\n<p>[\/col_grid]<br \/>\n[col_grid span=&#8221;4&#8243; height=&#8221;1-3&#8243;]<\/p>\n<p>[ux_image id=&#8221;430&#8243; image_size=&#8221;original&#8221; height=&#8221;100%&#8221; caption=&#8221;true&#8221; link=&#8221;https:\/\/dulichfree.com\/staging\/tin-tuc\/ha-noi\/lich-trinh-ha-noi\/&#8221; target=&#8221;_blank&#8221; rel=&#8221;https:\/\/dulichfree.com\/staging\/tin-tuc\/ha-noi\/lich-trinh-ha-noi\/&#8221;]<\/p>\n<p>[\/col_grid]<\/p>\n<p>[\/ux_banner_grid]<\/p>\n<p>[\/col]<\/p>\n<p>[\/row]<\/p>\n<p>[\/section]<br \/>\n[section effect=&#8221;snow&#8221;]<\/p>\n<p>[row]<\/p>\n<p>[col span__sm=&#8221;12&#8243;]<\/p>\n<p>[row_inner v_align=&#8221;equal&#8221; padding=&#8221;30px 30px 30px 30px&#8221; depth=&#8221;2&#8243; depth_hover=&#8221;5&#8243;]<\/p>\n<p>[col_inner span=&#8221;4&#8243; span__sm=&#8221;12&#8243;]<\/p>\n<p>[testimonial image=&#8221;2848&#8243; image_width=&#8221;109&#8243; pos=&#8221;center&#8221; name=&#8221;K\u1ef3 Duy\u00ean&#8221; company=&#8221;Facebook&#8221;]<\/p>\n<p><span style=\"color: #282828;\">C\u00f4ng ty TNHH Du L\u1ecbch Free th\u1ef1c s\u1ef1 l\u00e0 m\u1ed9t \u0111\u1ed1i t\u00e1c xu\u1ea5t s\u1eafc cho m\u1ecdi h\u00e0nh tr\u00ecnh du l\u1ecbch c\u1ee7a t\u00f4i. T\u00f4i \u0111\u00e3 c\u00f3 c\u01a1 h\u1ed9i tr\u1ea3i nghi\u1ec7m c\u00e1c d\u1ecbch v\u1ee5 c\u1ee7a h\u1ecd v\u00e0 kh\u00f4ng th\u1ec3 kh\u00f4ng \u0111\u00e1nh gi\u00e1 cao s\u1ef1 chuy\u00ean nghi\u1ec7p v\u00e0 t\u1eadn t\u00e2m trong ph\u1ee5c v\u1ee5 c\u1ee7a \u0111\u1ed9i ng\u0169 c\u1ee7a Du L\u1ecbch Free<\/span><\/p>\n<p>[\/testimonial]<\/p>\n<p>[\/col_inner]<br \/>\n[col_inner span=&#8221;4&#8243; span__sm=&#8221;12&#8243;]<\/p>\n<p>[testimonial image=&#8221;2849&#8243; image_width=&#8221;109&#8243; pos=&#8221;center&#8221; name=&#8221;Tr\u1ea7n Thu Uy\u00ean&#8221; company=&#8221;instagram&#8221;]<\/p>\n<div class=\"e-box h-p2 -stacked -radius-none\">\n<p class=\"t-body h-my1\"><span style=\"color: #282828;\">T\u00f4i r\u1ea5t h\u00e0i l\u00f2ng v\u1edbi d\u1ecbch v\u1ee5 c\u1ee7a C\u00f4ng ty TNHH Du L\u1ecbch Free. H\u1ecd \u0111\u00e3 t\u1ea1o ra m\u1ed9t tr\u1ea3i nghi\u1ec7m du l\u1ecbch \u1ea3o tr\u00ean ch\u00ednh website c\u1ee7a h\u1ecd. Ch\u1ea5t l\u01b0\u1ee3ng c\u1ee7a c\u00e1c tour du l\u1ecbch v\u00e0 s\u1ef1 t\u1ed5 ch\u1ee9c c\u1ee7a h\u1ecd l\u00e0 \u0111i\u1ec3m m\u1ea1nh \u0111\u00e1ng k\u1ec3, t\u1eeb vi\u1ec7c ch\u1ecdn l\u1ef1a c\u00e1c \u0111i\u1ec3m \u0111\u1ebfn \u0111\u1ebfn vi\u1ec7c \u0111i\u1ec1u ph\u1ed1i l\u1ecbch tr\u00ecnh.<\/span><\/p>\n<\/div>\n<p>[\/testimonial]<\/p>\n<p>[\/col_inner]<br \/>\n[col_inner span=&#8221;4&#8243; span__sm=&#8221;12&#8243;]<\/p>\n<p>[testimonial image=&#8221;2851&#8243; image_width=&#8221;109&#8243; pos=&#8221;center&#8221; name=&#8221;Nh\u00e3 Uy\u00ean&#8221; company=&#8221;Twitter&#8221;]<\/p>\n<p><span style=\"color: #282828;\">T\u00f4i kh\u00f4ng th\u1ec3 \u0111\u00e1nh gi\u00e1 c\u00f4ng ty TNHH Du L\u1ecbch Free cao h\u01a1n. H\u1ecd \u0111\u00e3 mang \u0111\u1ebfn cho t\u00f4i m\u1ed9t tr\u1ea3i nghi\u1ec7m du l\u1ecbch tuy\u1ec7t v\u1eddi v\u00e0 kh\u00f3 qu\u00ean. \u0110\u1ed9i ng\u0169 c\u1ee7a h\u1ecd v\u00f4 c\u00f9ng chuy\u00ean nghi\u1ec7p v\u00e0 t\u1eadn t\u00e2m, lu\u00f4n s\u1eb5n s\u00e0ng h\u1ed7 tr\u1ee3 v\u00e0 t\u01b0 v\u1ea5n trong su\u1ed1t h\u00e0nh tr\u00ecnh c\u1ee7a t\u00f4i.<\/span><\/p>\n<p>[\/testimonial]<\/p>\n<p>[\/col_inner]<\/p>\n<p>[\/row_inner]<\/p>\n<p>[\/col]<\/p>\n<p>[\/row]<\/p>\n<p>[\/section]<br \/>\n[section]<\/p>\n<p>[row]<\/p>\n<p>[col span=&#8221;6&#8243; span__sm=&#8221;12&#8243;]<\/p>\n<p>[title style=&#8221;center&#8221; text=&#8221;Li\u00ean H\u1ec7&#8221; tag_name=&#8221;h2&#8243; color=&#8221;rgb(25, 38, 123)&#8221;]<\/p>\n<p>[block id=&#8221;2194&#8243;]<\/p>\n<p>[gap]<\/p>\n<p>[title style=&#8221;center&#8221; text=&#8221;Qu\u00fd kh\u00e1ch vui l\u00f2ng \u0111\u1ec3 l\u1ea1i l\u1eddi nh\u1eafn \u0111\u1ec3 \u0111\u01b0\u1ee3c h\u1ed7 tr\u1ee3&#8221; color=&#8221;rgb(25, 38, 123)&#8221;]<\/p>\n<p><span style=\"color: #282828;\">\u0110\u1ec3 \u0111\u00f3ng g\u00f3p \u00fd ki\u1ebfn v\u1ec1 ch\u1ea5t l\u01b0\u1ee3ng d\u1ecbch v\u1ee5, c\u0169ng nh\u01b0 c\u00f3 nh\u1eefng y\u00eau c\u1ea7u, th\u1eafc m\u1eafc c\u1ea7n \u0111\u01b0\u1ee3c gi\u1ea3i \u0111\u00e1p, xin vui l\u00f2ng \u0111i\u1ec1n v\u00e0o Form sau \u0111\u00e2y v\u00e0 g\u1eedi \u0111\u1ebfn<\/span> <strong><a href=\"https:\/\/dulichfree.com\/staging\/\">Dulichfree.com<\/a><\/strong>. <span style=\"color: #282828;\">Ho\u1eb7c \u0111\u1ec3 nhanh nh\u1ea5t k\u00ednh mong qu\u00fd kh\u00e1ch g\u1ecdi tr\u1ef1c ti\u1ebfp v\u00e0o Hotline:<\/span> <a href=\"tel:0708501600\"><strong>070.850.1660<\/strong><\/a> <span style=\"color: #282828;\">\u0111\u1ec3 \u0111\u01b0\u1ee3c gi\u1ea3i quy\u1ebft.<\/span><\/p>\n<p><span style=\"color: #282828;\">Ngay sau khi nh\u1eadn \u0111\u01b0\u1ee3c th\u00f4ng tin, ch\u00fang t\u00f4i s\u1ebd ph\u1ea3n h\u1ed3i v\u1edbi b\u1ea1n trong th\u1eddi gian s\u1edbm nh\u1ea5t. Xin ch\u00e2n th\u00e0nh c\u1ea3m \u01a1n!<\/span><\/p>\n\n<div class=\"wpcf7 no-js\" id=\"wpcf7-f6-o1\" lang=\"vi\" dir=\"ltr\" data-wpcf7-id=\"6\">\n<div class=\"screen-reader-response\"><p role=\"status\" aria-live=\"polite\" aria-atomic=\"true\"><\/p> <ul><\/ul><\/div>\n<form action=\"\/staging\/wp-json\/wp\/v2\/pages\/2817#wpcf7-f6-o1\" method=\"post\" class=\"wpcf7-form init\" aria-label=\"Form li\u00ean h\u1ec7\" novalidate=\"novalidate\" data-status=\"init\">\n<fieldset class=\"hidden-fields-container\"><input type=\"hidden\" name=\"_wpcf7\" value=\"6\" \/><input type=\"hidden\" name=\"_wpcf7_version\" value=\"6.1.4\" \/><input type=\"hidden\" name=\"_wpcf7_locale\" value=\"vi\" \/><input type=\"hidden\" name=\"_wpcf7_unit_tag\" value=\"wpcf7-f6-o1\" \/><input type=\"hidden\" name=\"_wpcf7_container_post\" value=\"0\" \/><input type=\"hidden\" name=\"_wpcf7_posted_data_hash\" value=\"\" \/>\n<\/fieldset>\n<p><label> Your name<br \/>\n<span class=\"wpcf7-form-control-wrap\" data-name=\"your-name\"><input size=\"40\" maxlength=\"400\" class=\"wpcf7-form-control wpcf7-text wpcf7-validates-as-required\" autocomplete=\"name\" aria-required=\"true\" aria-invalid=\"false\" value=\"\" type=\"text\" name=\"your-name\" \/><\/span> <\/label>\n<\/p>\n<p><label> Your email<br \/>\n<span class=\"wpcf7-form-control-wrap\" data-name=\"your-email\"><input size=\"40\" maxlength=\"400\" class=\"wpcf7-form-control wpcf7-email wpcf7-validates-as-required wpcf7-text wpcf7-validates-as-email\" autocomplete=\"email\" aria-required=\"true\" aria-invalid=\"false\" value=\"\" type=\"email\" name=\"your-email\" \/><\/span> <\/label>\n<\/p>\n<p><label> Subject<br \/>\n<span class=\"wpcf7-form-control-wrap\" data-name=\"your-subject\"><input size=\"40\" maxlength=\"400\" class=\"wpcf7-form-control wpcf7-text wpcf7-validates-as-required\" aria-required=\"true\" aria-invalid=\"false\" value=\"\" type=\"text\" name=\"your-subject\" \/><\/span> <\/label>\n<\/p>\n<p><label> Your message (optional)<br \/>\n<span class=\"wpcf7-form-control-wrap\" data-name=\"your-message\"><textarea cols=\"40\" rows=\"10\" maxlength=\"2000\" class=\"wpcf7-form-control wpcf7-textarea\" aria-invalid=\"false\" name=\"your-message\"><\/textarea><\/span> <\/label>\n<\/p>\n<p><input class=\"wpcf7-form-control wpcf7-submit has-spinner\" type=\"submit\" value=\"Submit\" \/>\n<\/p><div class=\"wpcf7-response-output\" aria-hidden=\"true\"><\/div>\n<\/form>\n<\/div>\n\n<p>[\/col]<br \/>\n[col span=&#8221;6&#8243; span__sm=&#8221;12&#8243;]<\/p>\n<p>[ux_html]<\/p>\n<p><iframe loading=\"lazy\" style=\"border: 0;\" src=\"https:\/\/www.google.com\/maps\/embed?pb=!1m14!1m8!1m3!1d15334.774753587772!2d108.2399413!3d16.0813774!3m2!1i1024!2i768!4f13.1!3m3!1m2!1s0x3142172009b5c277%3A0x1cb2726b98d55896!2sC%C3%B4ng%20ty%20TNHH%20Du%20L%E1%BB%8Bch%20Free!5e0!3m2!1svi!2s!4v1699870983827!5m2!1svi!2s\" width=\"100%\" height=\"800\" allowfullscreen=\"allowfullscreen\"><\/iframe><br \/>\n[\/ux_html]<\/p>\n<p>[\/col]<\/p>\n<p>[\/row]<\/p>\n<p>[\/section]<\/p>\n","protected":false},"excerpt":{"rendered":"<p>[ux_banner height=&#8221;500px&#8221; bg=&#8221;457&#8243; bg_size=&#8221;original&#8221; bg_overlay=&#8221;rgba(32, 30, 30, 0.477)&#8221; effect=&#8221;sparkle&#8221;] [text_box width=&#8221;69&#8243; position_x=&#8221;50&#8243; position_y=&#8221;50&#8243;] Du L\u1ecbch Free \u2013 K\u1ec9 Ni\u1ec7m M\u00e3i M\u00e3i. H\u00e3y \u0111\u1ec3 ch\u00fang t\u00f4i gi\u00fap b\u1ea1n c\u00f3 nh\u1eefng chuy\u1ebfn du l\u1ecbch tuy\u1ec7t v\u1eddi m\u00e0 kh\u00f4ng t\u1ed1n ti\u1ec1n. [\/text_box] [\/ux_banner] [section bg=&#8221;2854&#8243; bg_size=&#8221;original&#8221; bg_color=&#8221;rgba(0, 0, 0, 0.61)&#8221; bg_overlay=&#8221;rgba(0, 0, 0, 0.593)&#8221;] [row] [col span__sm=&#8221;12&#8243; divider=&#8221;0&#8243; &#8230; <a title=\"Du L\u1ecbch Free | K\u1ec9 Ni\u1ec7m M\u00e3i M\u00e3i\" class=\"read-more\" href=\"https:\/\/dulichfree.com\/staging\/ve-chung-toi\/\" aria-label=\"Read more about Du L\u1ecbch Free | K\u1ec9 Ni\u1ec7m M\u00e3i M\u00e3i\">Read more<\/a><\/p>\n","protected":false},"author":1,"featured_media":0,"parent":0,"menu_order":0,"comment_status":"closed","ping_status":"closed","template":"","meta":{"footnotes":""},"class_list":["post-2817","page","type-page","status-publish"],"acf":[],"_links":{"self":[{"href":"https:\/\/dulichfree.com\/staging\/wp-json\/wp\/v2\/pages\/2817","targetHints":{"allow":["GET"]}}],"collection":[{"href":"https:\/\/dulichfree.com\/staging\/wp-json\/wp\/v2\/pages"}],"about":[{"href":"https:\/\/dulichfree.com\/staging\/wp-json\/wp\/v2\/types\/page"}],"author":[{"embeddable":true,"href":"https:\/\/dulichfree.com\/staging\/wp-json\/wp\/v2\/users\/1"}],"replies":[{"embeddable":true,"href":"https:\/\/dulichfree.com\/staging\/wp-json\/wp\/v2\/comments?post=2817"}],"version-history":[{"count":26,"href":"https:\/\/dulichfree.com\/staging\/wp-json\/wp\/v2\/pages\/2817\/revisions"}],"predecessor-version":[{"id":3393,"href":"https:\/\/dulichfree.com\/staging\/wp-json\/wp\/v2\/pages\/2817\/revisions\/3393"}],"wp:attachment":[{"href":"https:\/\/dulichfree.com\/staging\/wp-json\/wp\/v2\/media?parent=2817"}],"curies":[{"name":"wp","href":"https:\/\/api.w.org\/{rel}","templated":true}]}}