{"id":302,"date":"2023-03-11T16:50:41","date_gmt":"2023-03-11T16:50:41","guid":{"rendered":"https:\/\/dulichfree.com\/staging\/?post_type=product&#038;p=302"},"modified":"2023-03-27T11:49:18","modified_gmt":"2023-03-27T04:49:18","slug":"tour-sai-gon-1-ngay","status":"publish","type":"product","link":"https:\/\/dulichfree.com\/staging\/tour-sai-gon-1-ngay\/","title":{"rendered":"Tour S\u00e0i G\u00f2n 1 ng\u00e0y"},"content":{"rendered":"<p><span style=\"color: #282828;\">S\u00e0i G\u00f2n &#8211; Th\u00e0nh ph\u1ed1 H\u1ed3 Ch\u00ed Minh l\u00e0 m\u1ed9t th\u00e0nh ph\u1ed1 n\u0103ng \u0111\u1ed9ng v\u00e0 th\u00e2n thi\u1ec7n. \u0110\u1ebfn \u0111\u00e2y, kh\u00e1ch du l\u1ecbch kh\u00f4ng ch\u1ec9 \u0111\u01b0\u1ee3c ng\u1eafm nh\u00ecn nh\u1eefng t\u00f2a nh\u00e0 cao t\u1ea7ng hi\u1ec7n \u0111\u1ea1i, nh\u1eefng khu ch\u1ee3 s\u1ea7m u\u1ea5t v\u00e0 \u1ed3n \u00e0o m\u00e0 c\u00f2n \u0111\u01b0\u1ee3c chi\u00eam ng\u01b0\u1ee1ng nh\u1eefng c\u00f4ng tr\u00ecnh ki\u1ebfn tr\u00fac mang n\u00e9t c\u1ed5 k\u00ednh v\u00e0 ho\u00e0i c\u1ed5.<\/span><\/p>\n<h3><span style=\"color: #282828;\"><strong>Tr\u1ea3i nghi\u1ec7m <a href=\"https:\/\/dulichfree.com\/staging\/tour-sai-gon-1-ngay\/\">Tour S\u00e0i G\u00f2n 1 ng\u00e0y<\/a><\/strong>:<\/span><\/h3>\n<ul>\n<li><span style=\"color: #282828;\"><strong>08h00<\/strong>: Xe v\u00e0 h\u01b0\u1edbng d\u1eabn vi\u00ean du l\u1ecbch c\u1ee7a <strong><a href=\"https:\/\/dulichfree.com\/staging\/\">Dulichfree<\/a><\/strong> \u0111\u00f3n kh\u00e1ch t\u1ea1i c\u00e1c kh\u00e1ch s\u1ea1n trong khu v\u1ef1c Ph\u1ea1m Ng\u0169 L\u00e3o, \u0110\u1ec1 Th\u00e1m, \u0110\u1ed7 Quang \u0110\u1ea9u v\u00e0 B\u00f9i Vi\u1ec7n. Kh\u00e1ch tham quan c\u00e1c \u0111\u1ecba \u0111i\u1ec3m sau \u0111\u00e2y:<\/span><\/li>\n<li><span style=\"color: #282828;\"><strong>09h00<\/strong>: B\u1ea3o t\u00e0ng chi\u1ebfn t\u00edch chi\u1ebfn tranh: n\u01a1i tr\u01b0ng b\u00e0y nh\u1eefng k\u1ef7 v\u1eadt li\u00ean quan \u0111\u1ebfn cu\u1ed9c chi\u1ebfn \u0111\u1ea5u ch\u1ed1ng M\u1ef9 c\u1ee9u n\u01b0\u1edbc. Du kh\u00e1ch s\u1ebd \u0111\u01b0\u1ee3c chi\u00eam ng\u01b0\u1ee1ng c\u00e1c c\u1ed7 m\u00e1y chi\u1ebfn tranh hi\u1ec7n \u0111\u1ea1i c\u1ee7a th\u1eddi \u0111\u00f3, nh\u01b0 xe t\u0103ng, m\u00e1y bay chi\u1ebfn \u0111\u1ea5u, bom v\u00e0 s\u00fang \u0111\u1ea1n. Sau \u0111\u00f3, kh\u00e1ch s\u1ebd tham quan c\u00e1c gian nh\u00e0 tr\u01b0ng b\u00e0y h\u00ecnh \u1ea3nh v\u1ec1 &#8220;nh\u1eefng s\u1ef1 th\u1eadt l\u1ecbch s\u1eed&#8221;, &#8220;b\u1ed9 s\u01b0u t\u1eadp \u1ea3nh ph\u00f3ng s\u1ef1 ho\u00e0i n\u1ecbnh&#8221;, &#8220;ch\u1ee9ng t\u00edch t\u1ed9i \u00e1c v\u00e0 h\u1eadu qu\u1ea3 c\u1ee7a chi\u1ebfn tranh x\u00e2m l\u01b0\u1ee3c&#8221;, &#8220;ch\u1ebf \u0111\u1ed9 lao t\u00f9 trong chi\u1ebfn tranh x\u00e2m l\u01b0\u1ee3c&#8221;, &#8220;nh\u00e2n d\u00e2n th\u1ebf gi\u1edbi \u1ee7ng h\u1ed9 Vi\u1ec7t Nam kh\u00e1ng chi\u1ebfn&#8221; v\u00e0 &#8220;tranh thi\u1ebfu nhi &#8216;Chi\u1ebfn Tranh V\u00e0 H\u00f2a B\u00ecnh'&#8221;. \u0110\u1eb7c bi\u1ec7t, kh\u00e1ch c\u00f3 th\u1ec3 gh\u00e9 th\u0103m \u0110\u1ecba Ng\u1ee5c Tr\u1ea7n Gian, c\u00f2n \u0111\u01b0\u1ee3c g\u1ecdi l\u00e0 &#8220;Chu\u1ed3ng C\u1ecdp&#8221;.<\/span><\/li>\n<li><span style=\"color: #282828;\"><strong>10h00<\/strong>: Khu ph\u1ed1 Hoa + Ch\u1ee3 B\u00ecnh T\u00e2y: trung t\u00e2m trao \u0111\u1ed5i mua b\u00e1n c\u1ee7a c\u1ed9ng \u0111\u1ed3ng ng\u01b0\u1eddi Vi\u1ec7t v\u00e0 ng\u01b0\u1eddi Hoa t\u1ea1i S\u00e0i G\u00f2n. N\u01a1i \u0111\u00e2y b\u1ea3o t\u1ed3n nguy\u00ean v\u1eb9n gi\u00e1 tr\u1ecb ki\u1ebfn tr\u00fac c\u1ee7a ng\u01b0\u1eddi Hoa t\u1eeb h\u00e0ng tr\u0103m n\u0103m tr\u01b0\u1edbc.<\/span><\/li>\n<li><span style=\"color: #282828;\"><strong>11h00<\/strong>: Ch\u00f9a Thi\u00ean H\u1eadu, c\u00f2n \u0111\u01b0\u1ee3c g\u1ecdi l\u00e0 ch\u00f9a B\u00e0 Ch\u1ee3 L\u1edbn, l\u00e0 m\u1ed9t trong nh\u1eefng ng\u00f4i ch\u00f9a c\u00f3 l\u1ecbch s\u1eed l\u00e2u \u0111\u1eddi nh\u1ea5t c\u1ee7a ng\u01b0\u1eddi Hoa t\u1ea1i Th\u00e0nh ph\u1ed1 H\u1ed3 Ch\u00ed Minh. B\u00ean c\u1ea1nh gi\u00e1 tr\u1ecb v\u1ec1 ngh\u1ec7 thu\u1eadt ki\u1ebfn tr\u00fac, \u0111i\u00eau kh\u1eafc v\u00e0 hi\u1ec7n v\u1eadt c\u1ed5, n\u01a1i \u0111\u00e2y c\u00f2n c\u00f3 gi\u00e1 tr\u1ecb kh\u00e1c, \u0111\u00f3 l\u00e0 n\u01a1i l\u01b0u gi\u1eed \u0111\u01b0\u1ee3c nh\u1eefng v\u0103n h\u00f3a t\u00e2m linh t\u1ea1i S\u00e0i G\u00f2n.<\/span><\/li>\n<li><span style=\"color: #282828;\"><strong>12h00<\/strong>: \u0102n tr\u01b0a t\u1ea1i qu\u1eadn 1 v\u1edbi c\u00e1c m\u00f3n \u0111\u1eb7c s\u1ea3n S\u00e0i G\u00f2n nh\u01b0 c\u01a1m t\u1ea5m.<\/span><\/li>\n<li><span style=\"color: #282828;\"><strong>13h00<\/strong>: Dinh \u0110\u1ed9c L\u1eadp: n\u01a1i tr\u01b0\u1edbc \u0111\u00e2y l\u00e0 t\u1ed5ng h\u00e0nh dinh c\u1ee7a M\u1ef9 \u0111\u1eb7t t\u1ea1i mi\u1ec1n Nam Vi\u1ec7t Nam.<\/span><\/li>\n<li><span style=\"color: #282828;\"><strong>14h30<\/strong>: Nh\u00e0 th\u1edd \u0110\u1ee9c B\u00e0: m\u1ed9t tuy\u1ec7t t\u00e1c ki\u1ebfn tr\u00fac &#8211; m\u1ed9t c\u00f4ng tr\u00ecnh ti\u00eau bi\u1ec3u g\u00f3p ph\u1ea7n t\u1ea1o n\u00ean di\u1ec7n m\u1ea1o \u0111\u00f4 th\u1ecb S\u00e0i G\u00f2n &#8211; Th\u00e0nh ph\u1ed1 H\u1ed3 Ch\u00ed Minh. C\u00f4ng tr\u00ecnh c\u0169ng ghi nh\u1eadn s\u1ef1 du nh\u1eadp, giao l\u01b0u v\u00e0 ti\u1ebfp bi\u1ebfn c\u1ee7a v\u0103n h\u00f3a &#8211; ki\u1ebfn tr\u00fac \u0110\u00f4ng &#8211; T\u00e2y.<\/span><\/li>\n<li><span style=\"color: #282828;\"><strong>16h00<\/strong>: B\u01b0u \u0111i\u1ec7n Th\u00e0nh ph\u1ed1: l\u00e0 \u0111i\u1ec3m \u0111\u1ebfn tham quan kh\u00f4ng th\u1ec3 thi\u1ebfu c\u1ee7a du kh\u00e1ch khi \u0111\u1ebfn Th\u00e0nh ph\u1ed1 H\u1ed3 Ch\u00ed Minh, m\u1ed9t c\u00f4ng tr\u00ecnh ki\u1ebfn tr\u00fac c\u1ed5, \u0111\u00e3 h\u01a1n 120 n\u0103m tu\u1ed5i.<\/span><\/li>\n<li><span style=\"color: #282828;\"><strong>17h00<\/strong>: Xe \u0111\u01b0a kh\u00e1ch v\u1ec1 l\u1ea1i \u0111i\u1ec3m \u0111\u00f3n ban \u0111\u1ea7u.<\/span><\/li>\n<\/ul>\n<p><span style=\"color: #282828;\">Nh\u1eefng tr\u1ea3i nghi\u1ec7m n\u00e0y s\u1ebd gi\u00fap kh\u00e1ch du l\u1ecbch c\u00f3 c\u01a1 h\u1ed9i kh\u00e1m ph\u00e1 v\u00e0 tr\u1ea3i nghi\u1ec7m nhi\u1ec1u m\u1eb7t kh\u00e1c nhau c\u1ee7a Th\u00e0nh ph\u1ed1 H\u1ed3 Ch\u00ed Minh, t\u1eeb nh\u1eefng khu ph\u1ed1 c\u1ed5 k\u00ednh \u0111\u1ebfn nh\u1eefng \u0111\u1ecba \u0111i\u1ec3m ki\u1ebfn tr\u00fac hi\u1ec7n \u0111\u1ea1i. B\u00ean c\u1ea1nh \u0111\u00f3, kh\u00e1ch c\u00f2n c\u00f3 c\u01a1 h\u1ed9i t\u00ecm hi\u1ec3u v\u1ec1 l\u1ecbch s\u1eed, v\u0103n h\u00f3a v\u00e0 n\u1ec1n kinh t\u1ebf ph\u00e1t tri\u1ec3n c\u1ee7a Th\u00e0nh ph\u1ed1 H\u1ed3 Ch\u00ed Minh.<\/span><\/p>\n","protected":false},"excerpt":{"rendered":"<ul>\n<li><i class=\"fas fa-check-circle\"><\/i> Xe v\u00e0 h\u01b0\u1edbng d\u1eabn vi\u00ean du l\u1ecbch c\u1ee7a Dulichfree \u0111\u00f3n kh\u00e1ch t\u1ea1i c\u00e1c kh\u00e1ch s\u1ea1n trong khu v\u1ef1c Ph\u1ea1m Ng\u0169 L\u00e3o, \u0110\u1ec1 Th\u00e1m, \u0110\u1ed7 Quang \u0110\u1ea9u v\u00e0 B\u00f9i Vi\u1ec7n. Kh\u00e1ch tham quan c\u00e1c \u0111\u1ecba \u0111i\u1ec3m sau \u0111\u00e2y: B\u1ea3o t\u00e0ng chi\u1ebfn t\u00edch chi\u1ebfn tranh: n\u01a1i tr\u01b0ng b\u00e0y nh\u1eefng k\u1ef7 v\u1eadt li\u00ean quan \u0111\u1ebfn cu\u1ed9c chi\u1ebfn \u0111\u1ea5u ch\u1ed1ng M\u1ef9 c\u1ee9u n\u01b0\u1edbc. Du kh\u00e1ch s\u1ebd \u0111\u01b0\u1ee3c chi\u00eam ng\u01b0\u1ee1ng c\u00e1c c\u1ed7 m\u00e1y chi\u1ebfn tranh hi\u1ec7n \u0111\u1ea1i c\u1ee7a th\u1eddi \u0111\u00f3, nh\u01b0 xe t\u0103ng, m\u00e1y bay chi\u1ebfn \u0111\u1ea5u, bom v\u00e0 s\u00fang \u0111\u1ea1n. Sau \u0111\u00f3, kh\u00e1ch s\u1ebd tham quan c\u00e1c gian nh\u00e0 tr\u01b0ng b\u00e0y h\u00ecnh \u1ea3nh v\u1ec1 &#8220;nh\u1eefng s\u1ef1 th\u1eadt l\u1ecbch s\u1eed&#8221;, &#8220;b\u1ed9 s\u01b0u t\u1eadp \u1ea3nh ph\u00f3ng s\u1ef1 ho\u00e0i n\u1ecbnh&#8221;, &#8220;ch\u1ee9ng t\u00edch t\u1ed9i \u00e1c v\u00e0 h\u1eadu qu\u1ea3 c\u1ee7a chi\u1ebfn tranh x\u00e2m l\u01b0\u1ee3c&#8221;, &#8220;ch\u1ebf \u0111\u1ed9 lao t\u00f9 trong chi\u1ebfn tranh x\u00e2m l\u01b0\u1ee3c&#8221;, &#8220;nh\u00e2n d\u00e2n th\u1ebf gi\u1edbi \u1ee7ng h\u1ed9 Vi\u1ec7t Nam kh\u00e1ng chi\u1ebfn&#8221; v\u00e0 &#8220;tranh thi\u1ebfu nhi &#8216;Chi\u1ebfn Tranh V\u00e0 H\u00f2a B\u00ecnh'&#8221;. Khu ph\u1ed1 Hoa + Ch\u1ee3 B\u00ecnh T\u00e2y: trung t\u00e2m trao \u0111\u1ed5i mua b\u00e1n c\u1ee7a c\u1ed9ng \u0111\u1ed3ng ng\u01b0\u1eddi Vi\u1ec7t v\u00e0 ng\u01b0\u1eddi Hoa t\u1ea1i S\u00e0i G\u00f2n. N\u01a1i \u0111\u00e2y b\u1ea3o t\u1ed3n nguy\u00ean v\u1eb9n gi\u00e1 tr\u1ecb ki\u1ebfn tr\u00fac c\u1ee7a ng\u01b0\u1eddi Hoa t\u1eeb h\u00e0ng tr\u0103m n\u0103m tr\u01b0\u1edbc. Ch\u00f9a Thi\u00ean H\u1eadu, c\u00f2n \u0111\u01b0\u1ee3c g\u1ecdi l\u00e0 ch\u00f9a B\u00e0 Ch\u1ee3 L\u1edbn, l\u00e0 m\u1ed9t trong nh\u1eefng ng\u00f4i ch\u00f9a c\u00f3 l\u1ecbch s\u1eed l\u00e2u \u0111\u1eddi nh\u1ea5t c\u1ee7a ng\u01b0\u1eddi Hoa t\u1ea1i Th\u00e0nh ph\u1ed1 H\u1ed3 Ch\u00ed Minh. B\u00ean c\u1ea1nh gi\u00e1 tr\u1ecb v\u1ec1 ngh\u1ec7 thu\u1eadt ki\u1ebfn tr\u00fac, \u0111i\u00eau kh\u1eafc v\u00e0 hi\u1ec7n v\u1eadt c\u1ed5, n\u01a1i \u0111\u00e2y c\u00f2n c\u00f3 gi\u00e1 tr\u1ecb kh\u00e1c, \u0111\u00f3 l\u00e0 n\u01a1i l\u01b0u gi\u1eed \u0111\u01b0\u1ee3c nh\u1eefng v\u0103n h\u00f3a t\u00e2m linh t\u1ea1i S\u00e0i G\u00f2n.<\/li>\n<li><i class=\"fas fa-check-circle\"><\/i> \u0102n tr\u01b0a t\u1ea1i qu\u1eadn 1 v\u1edbi c\u00e1c m\u00f3n \u0111\u1eb7c s\u1ea3n S\u00e0i G\u00f2n nh\u01b0 c\u01a1m t\u1ea5m.<\/li>\n<li><i class=\"fas fa-check-circle\"><\/i> Dinh \u0110\u1ed9c L\u1eadp: n\u01a1i tr\u01b0\u1edbc \u0111\u00e2y l\u00e0 t\u1ed5ng h\u00e0nh dinh c\u1ee7a M\u1ef9 \u0111\u1eb7t t\u1ea1i mi\u1ec1n Nam Vi\u1ec7t Nam. Nh\u00e0 th\u1edd \u0110\u1ee9c B\u00e0: m\u1ed9t tuy\u1ec7t t\u00e1c ki\u1ebfn tr\u00fac &#8211; m\u1ed9t c\u00f4ng tr\u00ecnh ti\u00eau bi\u1ec3u g\u00f3p ph\u1ea7n t\u1ea1o n\u00ean di\u1ec7n m\u1ea1o \u0111\u00f4 th\u1ecb S\u00e0i G\u00f2n &#8211; Th\u00e0nh ph\u1ed1 H\u1ed3 Ch\u00ed Minh. C\u00f4ng tr\u00ecnh c\u0169ng ghi nh\u1eadn s\u1ef1 du nh\u1eadp, giao l\u01b0u v\u00e0 ti\u1ebfp bi\u1ebfn c\u1ee7a v\u0103n h\u00f3a &#8211; ki\u1ebfn tr\u00fac \u0110\u00f4ng &#8211; T\u00e2y. B\u01b0u \u0111i\u1ec7n Th\u00e0nh ph\u1ed1: l\u00e0 \u0111i\u1ec3m \u0111\u1ebfn tham quan kh\u00f4ng th\u1ec3 thi\u1ebfu c\u1ee7a du kh\u00e1ch khi \u0111\u1ebfn Th\u00e0nh ph\u1ed1 H\u1ed3 Ch\u00ed Minh, m\u1ed9t c\u00f4ng tr\u00ecnh ki\u1ebfn tr\u00fac c\u1ed5, \u0111\u00e3 h\u01a1n 120 n\u0103m tu\u1ed5i.<\/li>\n<li><i class=\"fas fa-check-circle\"><\/i> \u0110o\u00e0n t\u1eadp trung v\u00e0 Xe \u0111\u01b0a kh\u00e1ch v\u1ec1 l\u1ea1i \u0111i\u1ec3m \u0111\u00f3n ban \u0111\u1ea7u.<\/li>\n<\/ul>\n","protected":false},"featured_media":670,"comment_status":"open","ping_status":"closed","template":"","meta":[],"product_brand":[],"product_cat":[90],"product_tag":[104],"class_list":{"0":"post-302","1":"product","2":"type-product","3":"status-publish","4":"has-post-thumbnail","6":"product_cat-tour-sai-gon","7":"product_tag-tour-sai-gon-1-ngay","9":"first","10":"instock","11":"taxable","12":"shipping-taxable","13":"purchasable","14":"product-type-simple"},"acf":[],"_links":{"self":[{"href":"https:\/\/dulichfree.com\/staging\/wp-json\/wp\/v2\/product\/302","targetHints":{"allow":["GET"]}}],"collection":[{"href":"https:\/\/dulichfree.com\/staging\/wp-json\/wp\/v2\/product"}],"about":[{"href":"https:\/\/dulichfree.com\/staging\/wp-json\/wp\/v2\/types\/product"}],"replies":[{"embeddable":true,"href":"https:\/\/dulichfree.com\/staging\/wp-json\/wp\/v2\/comments?post=302"}],"wp:featuredmedia":[{"embeddable":true,"href":"https:\/\/dulichfree.com\/staging\/wp-json\/wp\/v2\/media\/670"}],"wp:attachment":[{"href":"https:\/\/dulichfree.com\/staging\/wp-json\/wp\/v2\/media?parent=302"}],"wp:term":[{"taxonomy":"product_brand","embeddable":true,"href":"https:\/\/dulichfree.com\/staging\/wp-json\/wp\/v2\/product_brand?post=302"},{"taxonomy":"product_cat","embeddable":true,"href":"https:\/\/dulichfree.com\/staging\/wp-json\/wp\/v2\/product_cat?post=302"},{"taxonomy":"product_tag","embeddable":true,"href":"https:\/\/dulichfree.com\/staging\/wp-json\/wp\/v2\/product_tag?post=302"}],"curies":[{"name":"wp","href":"https:\/\/api.w.org\/{rel}","templated":true}]}}